e remainder when (9/(-21) + -1)*(-22 - 27) is divided by 5.
0
Let u be (-1)/2*3*(-102)/(-9). Let j = 22 - u. Calculate the remainder when j is divided by 8.
7
Suppose -3*f = 2*f - 4*f. Suppose 5*g - 5*o - 60 = f, 48 = 2*g + 3*g + o. What is the remainder when 69 is divided by g?
9
Suppose z - 6 = -2*z. Let u be 1/((-2)/3)*-2. Suppose -u*x - 8 = -7*x. Calculate the remainder when z is divided by x.
0
Suppose 0 = 10*h - 275 - 165. Suppose -11*n + 15*n - h = 0. What is the remainder when n is divided by 6?
5
What is the remainder when 44 is divided by (567/(-28))/(-9) + (-6)/(-8)?
2
Let u = 453 + -275. Calculate the remainder when u is divided by 81.
16
Let k(v) = -2*v**2 - 2*v + 23. Let o be k(0). Let h = o + -2. Calculate the remainder when h is divided by 8.
5
Calculate the remainder when 144 is divided by -1 + (-1676)/(-22) + 30/(-165).
69
Let t be -3 + (11 - 0)/1. Suppose -5*v + 359 = 2*p, 3*v + 4*p + 347 = t*v. Calculate the remainder when v is divided by 25.
21
Let u = -5 + 9. Let o be u/((-2)/(-39)*3). Suppose -p = 15 - o. What is the remainder when p is divided by 6?
5
Let w(f) = -f**3 - 4*f**2 + 13*f + 4. Let z be w(-6). Let p(t) = -10*t - 5. Calculate the remainder when p(z) is divided by 9.
6
Let i(a) = -a**3 + 13*a**2 - 8*a + 18. What is the remainder when i(11) is divided by 29?
27
Let h = -117 + 149. What is the remainder when 151 is divided by h?
23
Suppose -4*g + 5 + 7 = 0. Suppose g*q - 156 = 12. Calculate the remainder when q is divided by 12.
8
Suppose 65*s = 71*s - 546. Calculate the remainder when s is divided by 44.
3
Calculate the remainder when 41 is divided by (-14 - -15)*75/3.
16
Suppose 2*m - t = 77, -4*m - t - t = -174. Let d = -35 + m. Calculate the remainder when 10 is divided by d.
4
Suppose -12*r - 22 + 346 = 0. Calculate the remainder when 105 is divided by r.
24
Let u(s) = -9*s + 118. What is the remainder when 106 is divided by u(11)?
11
Let m = -14 - -24. Let u(q) = 4*q - 13. Let y be u(-7). Let n = y + 68. What is the remainder when n is divided by m?
7
Let r(o) = 9*o + 13. Let g(l) = -8*l - 13. Let k(h) = -6*g(h) - 5*r(h). Calculate the remainder when 46 is divided by k(0).
7
Suppose -i = 4*a - 24, -2*i - 3*i + 164 = -2*a. Let n(d) = 23*d**2 - 3*d - 3. Let j be n(-1). Let b = i - j. What is the remainder when 43 is divided by b?
7
Let w(c) = 3 + 68*c**3 - 49*c**3 - 2. Suppose -3 = 5*j + 2*x, -2*j + 2*x = -4 - 6. What is the remainder when 77 is divided by w(j)?
17
Suppose -5*n + 307 = -2*y - 13, 0 = n - 4*y - 82. Let o = n - 38. What is the remainder when 69 is divided by o?
21
Suppose -4*d - 11 = 77. Let w = -8 - d. What is the remainder when w is divided by 5?
4
Let q = -424 + 685. Calculate the remainder when q is divided by 11.
8
Suppose z + j = 5, -2*j + 17 - 1 = 4*z. Suppose -z*u = 4*b + 4, 2*b = u - 2*u. Suppose -13 = -b*t + 13. Calculate the remainder when 36 is divided by t.
10
Let i(u) = -u**3 - 4*u**2 - u - 2. Let m be i(-4). Suppose m*a - 84 + 14 = 0. Let l(z) = -z**2 - 18*z - 13. What is the remainder when a is divided by l(-16)?
16
Calculate the remainder when (-58)/(-261) - (-29750)/18 is divided by 92.
89
Let t(f) = f**2 + f + 5. Let i be t(0). Suppose a + 8 = i*a. Suppose -a*p + 9 = 3. What is the remainder when p is divided by 3?
0
Suppose 0 = 4*d - c + 2, 2*c = 5*d - c + 6. Suppose -5*x + 15 + 30 = d. What is the remainder when 34 is divided by x?
7
Let q = -4 + 9. Suppose 0*z - r - 68 = -q*z, 4*z - 5*r - 46 = 0. Calculate the remainder when 41 is divided by z.
13
Suppose -2*y = -3*w + 283, y - 39 + 499 = 5*w. What is the remainder when w is divided by 31?
29
Let g = 264 + -156. Suppose 4*q = -5*i + 138, 0*i + 191 = 5*q - 3*i. Calculate the remainder when g is divided by q.
34
What is the remainder when 528 is divided by 636/(-16)*((-10)/3 + 2)?
51
Let v(j) = j - 13. Let q be v(16). Let y be 21*(-1)/(q/(-2)). Let f = -9 + y. What is the remainder when 19 is divided by f?
4
Let v(o) = -o**3 + 33. Let t be v(0). Suppose f = -3 + 4. What is the remainder when 38 is divided by f/3 - (-418)/t?
12
Let x be 708/(-14) - (-27)/(-63). What is the remainder when x/2*(-16)/24 is divided by (-2)/4 + (-33)/(-6)?
2
Calculate the remainder when (-1)/1*(-62 - -3) is divided by 22.
15
What is the remainder when (6 - -236) + -3 - -11 is divided by 28?
26
Let z be 12/(-20)*(-3 - 2). Suppose 2*v + 47 = b + 148, -2*b = z*v - 155. Suppose 3*l + v = 6*l. Calculate the remainder when 49 is divided by l.
15
Let h be (0 + 15)/(15/(-20)). Let x = 28 + h. Let v(i) = -i**3 + 8*i**2 + 2*i + 1. What is the remainder when 66 is divided by v(x)?
15
Let k(u) = 5*u**2 - 2*u - 12. Calculate the remainder when k(5) is divided by 29.
16
Let g(n) = n**2 + 4. Let q(m) = m**3 - 5*m**2 + 4*m + 3. What is the remainder when g(-2) is divided by q(4)?
2
Suppose 0 = 3*q + 3 + 39. Let y be q/(-7)*(-1)/2. Let f = y + 11. Calculate the remainder when 19 is divided by f.
9
Let t = 2988 - 2937. What is the remainder when t is divided by (-1 + 2)/(1/11)?
7
Suppose 4*l + 14*q - 77 = 19*q, -4*l - 4*q = -104. What is the remainder when 134 is divided by l?
19
Suppose -3*q + 14 = -55. Let t = q - -6. Let w(i) = i**3 - i**2 + i + 15. What is the remainder when t is divided by w(0)?
14
Suppose -8 = 20*n - 24*n. Let a(q) = 23*q - 11. What is the remainder when 104 is divided by a(n)?
34
Suppose -n + 44 = 5*g, n + g = -n + 79. Let a = 54 - n. Calculate the remainder when 89 is divided by a.
14
Let d = -6 + 17. Suppose -4*u = k - 3, 5*k = 4*u + 4 + d. Suppose 0 = k*z + 10 - 25. What is the remainder when 18 is divided by z?
3
Let q be (-18)/(-4) - (-1)/2. Suppose q*s = 2*z - 3*z + 136, -2*z + 5*s = -317. What is the remainder when z is divided by 19?
18
Calculate the remainder when (-11960)/(-500) - (-2 - (-96)/50) is divided by 19.
5
Suppose 2*s + 3*y - 3484 = -3*s, 2091 = 3*s + 2*y. Calculate the remainder when s is divided by 29.
28
Let l(n) = 9*n**2 - 4*n + 12. Let q be l(5). Suppose q = 4*m + 3*m. What is the remainder when m is divided by 8?
7
Let p be (-4)/(-10) + (-1864)/(-40). Calculate the remainder when (-2 - -4)/(2 + 0)*p is divided by 12.
11
Let i(a) = 3*a**2 + 2*a + 1. Let d = -25 - -19. Let z be ((-6)/8)/(d/(-24)). What is the remainder when i(z) is divided by 8?
6
Suppose -10*a + 6*a = -16. What is the remainder when a is divided by (24/16)/((-2)/(-4))?
1
Let w(n) = n**2 - 7*n + 34. What is the remainder when 303 is divided by w(0)?
31
Suppose -150 = -18*f + 15*f. Let g = -41 + f. Suppose -8*w + 3*n = -3*w - 69, 0 = -4*w - 4*n + 68. What is the remainder when w is divided by g?
6
Suppose -5*x + 4*x + 82 = -3*b, 4*x - b - 350 = 0. Let h = x - 70. What is the remainder when 32 is divided by h?
14
Let g(q) = -103*q - 571. What is the remainder when 279 is divided by g(-6)?
44
Let s = -292 - -328. What is the remainder when 237 is divided by s?
21
Let r(l) = 8*l**2 - 7*l - 12. What is the remainder when 81 is divided by r(-2)?
13
Let d be (-2)/((24/(-9))/4). Suppose d*s + q - 31 = s, -2*q + 46 = 3*s. Calculate the remainder when 45 is divided by s.
13
Suppose 0 = -3*a - 3*x + 96, 0*a - 2*x + 37 = a. What is the remainder when 53 is divided by a?
26
Let r = 56 + -30. What is the remainder when 4 - 462/(44/(-4)) is divided by r?
20
Let y be (-26)/(-1 + -2 + 1). Let n(u) = 14*u**2. Let t be n(1). Let c = t - y. What is the remainder when 2 is divided by c?
0
Calculate the remainder when (5 + -2 - 5) + 34 is divided by 11.
10
Suppose -2*k + 6 - 2 = 0. Suppose k*x = -1 + 13. Suppose -u + 7 = -x. Calculate the remainder when 49 is divided by u.
10
Suppose 23*a = 3*a + 920. What is the remainder when 733 is divided by a?
43
What is the remainder when 1/((-1228)/308 - -4) is divided by 30?
17
Suppose 5*a - 3*i + 76 = -149, -5*a = -4*i + 220. Let r = -31 - a. What is the remainder when 50 is divided by r?
16
What is the remainder when 133 is divided by ((-111)/(-259))/(2/14)?
1
Suppose -2*c = -4*c + 440. Let k = -141 + c. Suppose 2*q = k - 9. What is the remainder when q is divided by 18?
17
Let t = -15 - -17. Suppose -5*c - 370 = -a, 3*c - 382 = -a + t*c. Suppose -2*i = 2*i - a. What is the remainder when i is divided by 24?
23
Let h = -90 + 121. Suppose -u + h = 5*m, -u = -5*u + 4*m + 28. Suppose -5*y = -2*d + 77, y + 122 = 2*d + d. What is